3?
9
What is the millions digit of 857650089?
7
What is the hundred thousands digit of 986894854?
8
What is the hundred thousands digit of 163278220?
2
What is the ten millions digit of 5279582314?
7
What is the millions digit of 179063960?
9
What is the units digit of 4095504710?
0
What is the millions digit of 1737513613?
7
What is the millions digit of 124651564?
4
What is the thousands digit of 90193831?
3
What is the units digit of 1308282449?
9
What is the hundred thousands digit of 474078560?
0
What is the ten thousands digit of 1990557565?
5
What is the hundred thousands digit of 75998329?
9
What is the ten thousands digit of 3089273969?
7
What is the units digit of 1737087534?
4
What is the thousands digit of 150542898?
2
What is the hundred millions digit of 896894542?
8
What is the hundreds digit of 323268625?
6
What is the hundreds digit of 196360667?
6
What is the ten millions digit of 50517779?
5
What is the hundred millions digit of 106954828?
1
What is the millions digit of 2094501130?
4
What is the millions digit of 112785808?
2
What is the ten thousands digit of 124104841?
0
What is the thousands digit of 3133399973?
9
What is the thousands digit of 163745912?
5
What is the thousands digit of 518500293?
0
What is the hundred millions digit of 110080627?
1
What is the billions digit of 3192220924?
3
What is the hundred thousands digit of 261619718?
6
What is the billions digit of 2262116137?
2
What is the tens digit of 57688637?
3
What is the billions digit of 1635775332?
1
What is the units digit of 53826201?
1
What is the hundreds digit of 4405572430?
4
What is the millions digit of 245199994?
5
What is the thousands digit of 1152980019?
0
What is the hundred thousands digit of 64569952?
5
What is the units digit of 2964820372?
2
What is the hundreds digit of 52882332?
3
What is the tens digit of 1728803778?
7
What is the thousands digit of 44636913?
6
What is the tens digit of 290144354?
5
What is the hundred thousands digit of 22986760?
9
What is the hundred thousands digit of 163566513?
5
What is the units digit of 251792845?
5
What is the tens digit of 8533683?
8
What is the hundred thousands digit of 907268944?
2
What is the units digit of 925863599?
9
What is the hundreds digit of 1577942916?
9
What is the millions digit of 3812072043?
2
What is the hundred thousands digit of 96165273?
1
What is the ten millions digit of 1495273462?
9
What is the hundred millions digit of 198739265?
1
What is the millions digit of 658143109?
8
What is the millions digit of 69448275?
9
What is the thousands digit of 15247553?
7
What is the thousands digit of 4452015158?
5
What is the billions digit of 3065637810?
3
What is the hundred thousands digit of 797765312?
7
What is the ten thousands digit of 81887194?
8
What is the ten millions digit of 120570767?
2
What is the millions digit of 657745434?
7
What is the thousands digit of 12342379?
2
What is the ten thousands digit of 99830194?
3
What is the hundred millions digit of 1017426183?
0
What is the thousands digit of 16018676?
8
What is the ten thousands digit of 2260726981?
2
What is the millions digit of 948673865?
8
What is the hundred thousands digit of 46257740?
2
What is the units digit of 22863396?
6
What is the thousands digit of 59062403?
2
What is the millions digit of 744458889?
4
What is the hundred thousands digit of 2422343437?
3
What is the hundred millions digit of 1048342515?
0
What is the units digit of 3506581618?
8
What is the units digit of 1490975971?
1
What is the millions digit of 1080156263?
0
What is the ten thousands digit of 147377650?
7
What is the hundred thousands digit of 283095644?
0
What is the ten millions digit of 2068195302?
6
What is the hundreds digit of 90333507?
5
What is the hundreds digit of 774610822?
8
What is the hundred thousands digit of 398845416?
8
What is the ten millions digit of 302794968?
0
What is the ten millions digit of 6176023185?
7
What is the thousands digit of 483048281?
8
What is the thousands digit of 1135302154?
2
What is the units digit of 54459548?
8
What is the hundred thousands digit of 48115180?
1
What is the units digit of 1623806598?
8
What is the thousands digit of 1668900097?
0
What is the hundreds digit of 198259869?
8
What is the tens digit of 915671075?
7
What is the hundred thousands digit of 241469438?
4
What is the millions digit of 1683632241?
3
What is the units digit of 1670380643?
3
What is the ten millions digit of 65282248?
6
What is the millions digit of 61924589?
1
What is the ten thousands digit of 2394831069?
3
What is the hundred thousands digit of 459980863?
9
What is the hundred thousands digit of 371299167?
2
What is the hundreds digit of 51069117?
1
What is the ten thousands digit of 10879104?
7
What is the hundred millions digit of 378946429?
3
What is the hundreds digit of 1949147838?
8
What is the thousands digit of 61630136?
0
What is the hundreds digit of 186703871?
8
What is the tens digit of 149618065?
6
What is the thousands digit of 94455145?
5
What is the tens digit of 621262413?
1
What is the ten millions digit of 1320760510?
2
What is the ten thousands digit of 137438168?
3
What is the hundred thousands digit of 613559416?
5
What is the ten thousands digit of 41369973?
6
What is the tens digit of 152459244?
4
What is the millions digit of 16579339?
6
What is the units digit of 1744638254?
4
What is the millions digit of 20920336?
0
What is the thousands digit of 1258847900?
7
What is the millions digit of 37143133?
7
What is the tens digit of 872468792?
9
What is the hundreds digit of 56377071?
0
What is the ten thousands digit of 397401399?
0
What is the ten thousands digit of 2300548039?
4
What is the ten thousands digit of 2121102892?
0
What is the ten thousands digit of 100931762?
3
What is the thousands digit of 43758898?
8
What is the ten thousands digit of 646448046?
4
What is the hundred thousands digit of 185046676?
0
What is the ten millions digit of 235907274?
3
What is the tens digit of 4819383182?
8
What is the hundred thousands digit of 10803212?
8
What is the millions digit of 1388042345?
8
What is the hundred thousands digit of 961915252?
9
What is the hundred millions digit of 103765235?
1
What is the millions digit of 125279775?
5
What is the ten millions digit of 183514935?
8
What is the hundred millions digit of 911261829?
9
What is the tens digit of 64701949?
4
What is the tens digit of 429546505?
0
What is the thousands digit of 121527012?
7
What is the billions digit of 3752859873?
3
What is the millions digit of 520392949?
0
What is the hundred thousands digit of 980717486?
7
What is the ten millions digit of 74007948?
7
What is the millions digit of 403605522?
3
What is the hundred thousands digit of 7662630?
6
What is the units digit of 512553236?
6
What is the ten thousands digit of 49056144?
5
What is the ten millions digit of 570609364?
7
What is the ten thousands digit of 889830419?
3
What is the ten thousands digit of 552846332?
4
What is the tens digit of 12934464?
6
What is the tens digit of 123172497?
9
What is the thousands digit of 564615245?
5
What is the hundred millions digit of 800054057?
8
What is the tens digit of 437554339?
3
What is the hundred thousands digit of 117733702?
7
What is the hundreds digit of 279850289?
2
What is the ten millions digit of 14665745?
1
What is the hundreds digit of 600673545?
5
What is the ten millions digit of 221327238?
2
What is the thousands digit of 74215624?
5
What is the tens digit of 90843296?
9
What is the ten millions digit of 2013124662?
1
What is the billions digit of 2666446514?
2
What is the ten millions digit of 621240087?
2
What is the tens digit of 7319671498?
9
What is the hundred thousands digit of 105566626?
5
What is the millions digit of 106434159?
6
What is the tens digit of 124849525?
2
What is the millions digit of 2015886685?
5
What is the billions digit of 7860103626?
7
What is the units digit of 5924320475?
5
What is the ten thousands digit of 78909441?
0
What is the tens digit of 3811946816?
1
What is the tens digit of 44693212?
1
What is the tens digit of 113999920?
2
What is the hundred thousands digit of 38556860?
5
What is the hundred millions digit of 1793730438?
7
What